(q) be the third derivative of q**7/840 + q**6/72 + q**5/120 - q**4/12 - 49*q**3/6 + 8*q**2 + 3. Let o(m) be the first derivative of x(m). What is o(-3)?
13
Let a(u) = -u**3 - 1 + 43*u - 4*u**2 + 48*u - 85*u. Suppose 4*n = 31 + 85. Let b = n + -34. Determine a(b).
-6
Let m(l) be the first derivative of 5*l**4/4 + 5*l**3/3 - l**2 - 2*l + 5332. Give m(2).
54
Let d(q) = -5*q**2 - 3*q - 4. Let x(c) = -2*c - 73. Let p be x(-39). Let a(y) = -6*y**2 - 2*y - 4. Let r(o) = p*d(o) - 4*a(o). What is r(-8)?
-12
Suppose 4*k - 3*v = 9, -52*k - 4 = -51*k - 2*v. Let l(a) = a**3 + 13*a**2 - 116*a + 7. Give l(k).
-5
Let g(m) = m + 0 + 1 - 4. Let k(o) = -4*o**3 + 47*o**2 + 12*o - 8. Let y be k(12). Let j be (-5 - 4/y*2) + 11. Calculate g(j).
4
Let n(d) be the third derivative of -d**6/120 - 19*d**5/60 + 7*d**4/8 + 13*d**3/3 + 16*d**2 + 6. Give n(-20).
6
Let g(l) = -l**3 - 12*l**2 - 11*l - 11. Suppose 147 = -14*w - 14 + 7. Calculate g(w).
-11
Let w(j) = j**2 + 26*j - 233. Let b be w(-33). Let v(n) = -2*n**3 - 2*n. Determine v(b).
20
Let i(w) = -11*w**3. Let c(q) = -q**2 + 16*q + 25. Let f be c(17). Let x be 1/((-4)/f) + 7. Let y be x/7 + -1 - 9/(-7). Calculate i(y).
-11
Let b(a) = -2*a**3 + 9*a**2 + 22*a - 52. Let n(p) = p**3 + 2*p**2. Let z(v) = b(v) + 3*n(v). What is z(-13)?
0
Let f(j) = 2*j**3 + 3*j**2 + 4*j + 7. Suppose 64*x = 22*x. What is f(x)?
7
Let j = -15 - -36. Let b be (-42)/j*1*-2. Let f(c) = -19*c + 4*c - 5 + 9*c + 9*c. Calculate f(b).
7
Let m be (-12)/(-9) + -1 - (-1919)/3. Suppose -2*i - 2*g - m = -7*i, -4*g + 512 = 4*i. Let s(v) = 127 + v**2 - i + 3*v + 2*v. Give s(-5).
-1
Let v(r) = 4*r**3 - r - 6*r**2 + 12*r**2 + 144 - 182 - 7*r**2 - 3*r**3. Calculate v(0).
-38
Let c(j) = -62 - 61 + 250 - 86 - 38*j. Give c(1).
3
Let j(u) be the first derivative of u**4/4 - 4*u**3 - 8*u**2 + 15*u + 131. Let d(q) = -2*q - 73. Let b be d(-43). Determine j(b).
-24
Let k(n) = 18 - 653*n + n**2 + 351*n + 293*n. Give k(2).
4
Let o(u) = -23*u + 75. Suppose 0 = 2*h + 3*q + 5, 4 = -3*h - q + 14. Calculate o(h).
-40
Let z(o) = -o**2 + 4. Let y(p) = -p**3 - 9*p**2 + p + 22. Let k be y(-9). Let s be -1*4 + -14 + k. Let r be (1/(-2))/(s + (-186)/(-36)). What is z(r)?
-5
Let q(c) be the first derivative of c**5/60 - 2*c**4/3 - c**3 - 2*c**2 - 6. Let o(u) be the third derivative of q(u). What is o(6)?
-4
Let t(w) = -6*w - 1. Let x(p) be the third derivative of p**4/4 + p**3/6 + p**2 - 8*p. Let j(c) = 4*t(c) + 5*x(c). What is j(-5)?
-29
Let t(z) = -2086 + 1099 + 1042 + 4*z. Give t(-13).
3
Let j(t) = -t**2 + 6*t + 7*t - 3*t - 7 + 2. Let b(m) = 5*m**2 - 50*m + 24. Suppose 0 = -8*k + 4 + 12. Let i(p) = k*b(p) + 11*j(p). Calculate i(7).
14
Let x = 0 + 5. Let j(p) = -3*p**2 - 41*p - 12. Let g(a) = 7*a**2 + 99*a + 29. Let q(n) = 5*g(n) + 12*j(n). Calculate q(x).
-9
Let x(t) = -3967 - 17*t**2 - t - t**3 + 2*t**2 + 5*t + 3970. Calculate x(-15).
-57
Let p be ((-3)/(36/(-44)))/((-19)/(-57)). Let g(u) = -u**3 + 13*u**2 - 21*u - 14. Give g(p).
-3
Let o(x) = -24 + 21 + 79*x - 115*x + 4*x**2 + 38*x + 54*x. Calculate o(-14).
-3
Let t(o) be the third derivative of o**5/60 + 13*o**4/24 + 29*o**3/6 - 165*o**2 - 11*o + 1. Determine t(-8).
-11
Suppose -f + 4*w = w + 4, -2*w = -4. Let j(r) = 22 - 26 - 2*r - r - f*r. Calculate j(-5).
21
Let s(j) = -j**3 + 3*j**2 + 2*j - 1. Let c(l) = -356*l + 18. Let z be c(1). Let y = z + 342. Give s(y).
-9
Let j(i) = 27*i + 76. Let h(o) = 1258*o + 3570. Let f(w) = -4*h(w) + 187*j(w). Calculate f(5).
17
Let n = 31171 - 31172. Let s(a) = 12*a**3 + 2*a**2 - 4*a - 5. Give s(n).
-11
Let g = -60 - -66. Let h be g/(-5)*275/(-33). Let b be (10 - h) + 3/((-3)/2). Let m(c) = 2*c - 1. Give m(b).
-5
Let t(n) = 1 + 4 - 3*n + 2*n. Suppose 33*o = 38*o - 210. Suppose -1305*m - o = -1312*m. What is t(m)?
-1
Let t = -3770 + 3770. Suppose 2*j = 5*j + 3*x - 6, 3*j = x + 18. Suppose -3*g - 2*y + 2 = t, -5*y + 0 + j = g. Let l(f) = -f - 21. Determine l(g).
-21
Let d(r) = -2*r - 1. Let b be (-2)/(-12) + 110*(-2)/24. Let f be b - -9 - (-1 + 0). What is d(f)?
-3
Let h = -29 + -7. Let p = h + 18. Let f be ((-9)/(-5))/(p/(-60)). Let b(w) = -w**2 + 7*w - 6. Calculate b(f).
0
Suppose -61*c - 383 - 288 = 0. Let u(v) = -v - 18. What is u(c)?
-7
Let s(q) be the first derivative of -1/4*q**4 + 89 - 1/3*q**3 - 3*q + 2*q**2. What is s(3)?
-27
Let z(r) be the second derivative of 0*r**2 - 1/3*r**3 + 42*r - 1/10*r**5 + 0 + 1/3*r**4. Suppose 7 - 3 = 2*d. Calculate z(d).
-4
Let s be (-1 - 0 - 1) + -1. Let v(q) be the first derivative of -3*q**2/2 + 4*q + 46961. Give v(s).
13
Let a(l) = -19*l + 1. Suppose 2*g - 16 + 26 = -5*i, -2*i = -3*g + 4. Determine a(i).
39
Let r(x) be the second derivative of -x**5/20 - x**4/3 - x**3/3 - 9*x. Suppose 0 = 14*g + 58 - 16. What is r(g)?
-3
Let u(k) = k**3 + k - 3. Suppose 2*h - 6*y = 12, -h + 2*y = -0 - 5. Calculate u(h).
27
Let f(w) be the first derivative of w**3/3 - 5*w**2/2 + w + 17. Suppose 4*x - 7*x - 2*r = -378, 3*x + 5*r = 369. Suppose -d = x - 134. What is f(d)?
7
Let g(y) be the first derivative of -2*y**3/3 - 25*y**2/2 - 4461. Calculate g(-12).
12
Suppose 2*v - 16 = -4*d + 32, 0 = -3*d - 4*v + 41. Suppose d*l - 169 = -2*l. Let i(f) = -l*f + 6*f + 5*f - 1. What is i(6)?
-13
Let f(w) = w**3 - 5*w**2 + 4*w + 2. Suppose z - 4*s - 2 = -14, 5*z + 2*s = 28. Let k be 4 + 2 + z/(-2). Calculate f(k).
2
Let d(w) = -w**3 - 28*w**2 - 52*w + 4. Suppose 226*g + 7632 + 1312 = -118*g. Give d(g).
4
Let a(v) = -7 + 754*v - 77 + 773*v - 6 - 1577*v. Calculate a(-2).
10
Let d(b) = -b + 3. Let c = 0 - 3. Let n(w) = w**3 + 9*w**2 + 16*w - 18. Let f be n(-6). Let i be (-3 + (-2)/c)/(2/f). What is d(i)?
-4
Let p(u) = u**3 + 5*u**2 + 4*u - 1. Let z(y) = y**3 - 112*y**2 - 1083*y + 49. Let r be z(-9). Calculate p(r).
-21
Let j(f) be the third derivative of -f**6/120 - f**5/40 - 5*f**4/24 - 86*f**3/3 - 88*f**2. Let o(u) be the first derivative of j(u). Calculate o(-2).
-11
Suppose 5*s - 11 = 14. Suppose 15 + 1 = b - 3*m, 8 = 3*b + m. Let z(g) = -32*g - 20*g + 56*g - 6 + b*g**2 - g**3. Calculate z(s).
-11
Let i(p) = -13*p**2 + 1. Let g be 9 + -21 + 2 + 1. Let z(t) = t**2 + 10*t - 2. Let d be z(g). Let j = d + 10. Calculate i(j).
-12
Let q(t) be the first derivative of t**4/4 + 2*t**3/3 - 2*t**2 - 2*t + 53. Let w be q(2). Let y(g) = -g**2 + 6*g + 5. What is y(w)?
5
Let a(z) = -3*z + 34. Let k(l) = -l - 1. Suppose 0 = -11*o + 6*o + 10. Let b(p) = o*k(p) - a(p). Calculate b(0).
-36
Let a(g) = 22*g - 12*g + 86*g**2 - 258*g**2 + 79*g**2 + 220 + 90*g**2. Give a(-7).
3
Let d(c) = -8*c**3 - 24*c**2 - c - 9. Let v be d(-3). Let b(h) = h**3 + 6*h**2. Determine b(v).
0
Let i(h) = 13*h**3 + 13*h**2 - 13*h - 21. Let a(d) = 28*d**3 + 28*d**2 - 27*d - 46. Let g(c) = 6*a(c) - 13*i(c). Calculate g(5).
-118
Let y(z) = -15*z**3 + 41*z**2 - 35*z + 38. Let c(f) = -7*f**3 + 19*f**2 - 16*f + 18. Let j(p) = 13*c(p) - 6*y(p). Give j(3).
-6
Let x be (20/(-8))/5*-2. Let t(m) = 36*m + 2. Suppose -l + 2 + 5 = 0. Let i(h) = -18*h - 1. Let s(q) = l*i(q) + 4*t(q). What is s(x)?
19
Let u(i) = 41*i + 7. Let w(z) = 51*z + 7. Let t(r) = -5*u(r) + 4*w(r). Let b = -20 - -8. What is t(b)?
5
Let z(r) = r**2 + 4*r + 8. Let l(k) = 2*k**3 + 11*k**2 - 13*k - 44. Let a be l(-6). Calculate z(a).
4
Let i(l) = -369*l + 13110*l**2 - 4 - 13114*l**2 + 366*l. Suppose 2*b + 2 = 4*o, 8*o - 5*o = 5*b + 12. What is i(b)?
-31
Let k be ((-4)/(-16))/((-3)/12). Let r(w) = 0 - 25*w + 0 + 3 + 26*w - 2. Calculate r(k).
0
Let t(n) = 2558261*n - 3 + 10*n**2 - 2558255*n + 9 + n**3. Determine t(-5).
101
Suppose 2*m - 2*v = 71 - 15, 5*m - 2*v - 143 = 0. Let x(k) = -m*k - 6*k + 51*k. Calculate x(1).
16
Let f(t) be the first derivative of -t**3/3 - 9*t**2 + 2181. Calculate f(-17).
17
Let g(t) = -t**2 - t + 2. Let a(j) = -3*j**2 + 15*j + 58. Let x(i) = -a(i) + 2*g(i). What is x(18)?
-36
Let p(h) = -2*h**2 + 49*h - 22. Let y be p(24). Let b(q) = 4*q**2 + q + 24 + 15*q**2 - 20*q**y. What is b(0)?
24
Let v(q) be the third derivative of q**6/120 - q**5/60 + q**3/3 + q**2. Suppose -31*t - 377 = -377. Give v(t).
2
Let g(w) = w**2 + 7*w - 8. Let p(f) = 6*f - 34 + 34 - 27. Let t be p(3). Calculate g(t).
10
Let r(v) = v**3 - 32*v**2 - 67*v - 31. Let n be r(34). Suppose n*g + 0 = 6. Let i(b) = -6*b + 3. Calculate i(g).
-9
Suppose -5*h + 2 = -3*h. Suppose -5*s - 